*p**2 - p - 7. Let n(b) = -5*k(b) - 6*y(b). What is the remainder when n(-3) is divided by 26?
23
Let d(b) = 6*b + 65. Let a be d(-10). Suppose 543 - 433 = a*r. Calculate the remainder when 36 is divided by r.
14
Let z = -565 + 799. Let i = z + -218. Suppose -39 = -3*m - 3*g, -g = -2*m + 4*g + 5. Calculate the remainder when i is divided by m.
6
Let c = 591 + -561. What is the remainder when 70 is divided by c?
10
Suppose 5*q + 24 = 3*i + 10*q, 3*q = 5*i - 40. Calculate the remainder when 286 is divided by 40/(-8) + i + 13.
14
Let t = 39479 + -38893. What is the remainder when t is divided by 100?
86
Let c = 13151 + -13016. Calculate the remainder when 254 is divided by c.
119
Let q = -666 + 1034. What is the remainder when q is divided by 34?
28
What is the remainder when 1031 is divided by 82 - (1 - 42/(-6))*1?
69
Suppose 0*w + 3*q = -3*w + 63, 5*w + q = 89. Let i(d) = -d**3 + 17*d**2 + 4*d - 61. What is the remainder when 38 is divided by i(w)?
3
Let l(b) = -15*b**2 + 18*b**2 - 29*b**2 - b. Let m be l(1). Let f = -20 - m. Calculate the remainder when 55 is divided by f.
6
Let o be 48/(-128) + -2 + 26/(-16). Calculate the remainder when (-3*2012/(-18))/(o/(-6)) is divided by 12.
11
Let v = 116 + -116. Suppose 4*h - 88 = -f, v = -5*f - 4*h + 341 + 115. What is the remainder when f is divided by 47?
45
Let d(g) = -g**3 + 25*g**2 - 32*g - 45. What is the remainder when d(23) is divided by 80?
37
Let t(a) = 20*a**2 + 2*a - 2. Let n(s) = 10*s**2 + s - 1. Let c(f) = -11*n(f) + 6*t(f). Let q = -5272 + 5291. Calculate the remainder when q is divided by c(1).
9
Suppose -70*z + 3*z + 31*z + 657 = 37*z. Calculate the remainder when (178/(-3))/((-4)/18) is divided by z.
6
Let r = 3048 - 2557. What is the remainder when r is divided by 160?
11
Suppose 5*i = 10*i - 1370. Let f = i - 226. What is the remainder when f is divided by 18?
12
Let u(d) = 2*d**2 + 4*d - 52. Let n be u(12). Let f = n + -274. What is the remainder when 55 is divided by f?
5
Suppose 0 = -3*v + f + 3, 0 = 2*v - f + 2*f + 3. Suppose v = n - 52 - 7. Calculate the remainder when 174 is divided by n.
56
Let g = -859 - -970. Suppose 3*t - 115 = -2*t. Calculate the remainder when g is divided by t.
19
Let m(k) = 10*k - 1. Let x be m(1). Let z = x + 5. What is the remainder when 21/35 - (-3175)/125 is divided by z?
12
Let i = -407 + 237. Let t = i + 250. What is the remainder when t is divided by (-10 - -9)/((-2)/42) - 0?
17
Suppose -206*b - 237*b - 29975 = -468*b. Calculate the remainder when b is divided by 14.
9
Suppose -q - 3*j - 23 = -0*q, 4*j = -q - 28. Let d be ((-4)/q)/((-1)/162). Let o = 113 + d. What is the remainder when o is divided by 7?
4
Suppose 5*b = 2*o - 7*o + 170, -3*o = 2*b - 106. Calculate the remainder when 1328 is divided by o.
36
Suppose 6 = 2*w - 2. Suppose 5*v + 83 = w*l, 3*l = 23*v - 19*v + 61. What is the remainder when 185 is divided by l?
23
Let m be 1/4*2*2*201. Suppose 190*h = m*h - 143. What is the remainder when 399 is divided by h?
9
Let n = -19743 + 19983. Calculate the remainder when 888 is divided by n.
168
Let v be 14/(-49) - 270/35. Let y be 0 - 12/(4 - 1). Calculate the remainder when 50/(-70) - y/(-14) - v is divided by 5.
2
Suppose 0 = m + 4*l, m = -4*l + l. Suppose b + 3*n - 20 = m, 28 = -70*b + 71*b + n. What is the remainder when b is divided by 11?
10
Let r be (80980/(-12))/(-5) - 1/(-3). Suppose -o = 9*o - r. Suppose 5*x - 80 - o = 0. What is the remainder when x is divided by 9?
7
Let q = -506 - -527. Suppose -2584 = -q*d - 13*d. Calculate the remainder when 529 is divided by d.
73
Suppose -923 = -6*q - 4*q + 787. What is the remainder when 326 is divided by q?
155
Suppose 2*t - 2 = 0, a - t - 3 = -4*t. Let z(j) = 6*j**2 - 6*j**3 + 25 - 6*j**2 + 8*j**3. What is the remainder when z(a) is divided by 7?
4
Suppose -112*k + 751 = 342 - 1607. Let l(f) = 5*f**2 - 3*f. Calculate the remainder when l(4) is divided by k.
14
Calculate the remainder when 499 is divided by 16/208*(6011 + -18).
38
Let s be (-8)/20 + 2/5 - -538. Suppose -3*h - 112 + s = 0. Calculate the remainder when h is divided by 11.
10
Suppose 0 = 2*b + 2*y - 1052, 5*b + 4*y - 2271 - 362 = 0. Calculate the remainder when (-3)/((-12)/b) + (-1)/4 is divided by 34.
30
Suppose v + 28 = 3*v. Suppose 101*f + 12*f - 8987 - 8052 = -4609. Calculate the remainder when f is divided by v.
12
Calculate the remainder when (-43)/((-258)/96) - -1734 is divided by 19.
2
Let y(h) = 2*h**2 + 15*h - 37. Suppose 8*x - 20 = 2*i + 3*x, 30 = -3*i + x. What is the remainder when 25 is divided by y(i)?
12
Suppose 32*v = 40 + 56. Suppose 4*k - 402 = 2*k. Calculate the remainder when k*5/45*v is divided by 25.
17
Let o = 110 - 32. Let j = 201 - o. Let n = j - 88. Calculate the remainder when n is divided by 19.
16
Let v be (-2*2/10)/(2/(-300)). Suppose -v = -2*g - 4*s, 5*g - 3*g - 63 = -3*s. Suppose 25*f = 27*f - g. What is the remainder when 68 is divided by f?
14
What is the remainder when (-12)/(-150)*13835 + (3 - 70/25) is divided by 183?
9
Suppose 0 = -31*j + 30*j + 24. What is the remainder when (j/4)/(-1)*(-13)/2 is divided by 11?
6
What is the remainder when 3489 is divided by ((-2536)/(-80)*-2)/(3/(-15))?
2
Let p = -10 + 23. Let w be 45/(-3) + (-4 + 4)/(-4). Let k(x) = x**3 + 15*x**2 - 2*x - 28. What is the remainder when p is divided by k(w)?
1
Let d = -4094 - -4580. What is the remainder when d is divided by 49?
45
Let f(g) = g**3 - 6*g**2 + g. Let v be f(6). Suppose v*q - 241 = 1865. What is the remainder when q is divided by 44?
43
Let i(l) = l**2 - 3*l - 32. Let w be i(15). Let f = -93 + w. Suppose -5*d + f = -25. Calculate the remainder when 21 is divided by d.
5
Let a = -640565 - -640630. Let g = 335 + -165. Suppose p = -4*p + g. What is the remainder when a is divided by p?
31
Let c = 5 - 4. Let i be ((492 + 0)/(-6))/(-2). Suppose -6*x = -c - i. Calculate the remainder when x is divided by 3.
1
Let o = -163 + 163. Suppose -12*x + 642 + 282 = o. What is the remainder when x is divided by 10?
7
Let j = -200 - -204. Suppose -48 + 16 = -j*a. Let s(i) = i**2 - 2*i - 3. What is the remainder when s(6) is divided by a?
5
Let i(a) = a**3 + 8*a**2 + 12*a. Let b be i(-5). Let l(c) = -c**2 + 14*c + 15. Let k be l(b). Calculate the remainder when (k - (-1 + 0))*11 is divided by 6.
5
Suppose -36 + 0 = -18*b. Suppose 4*o - 8 = 3*o + b*p, 4*o + 5*p - 58 = 0. Suppose -124*r - o = -126*r. Calculate the remainder when r is divided by 5.
1
Let q(h) = -5*h + 15. Let g(y) = 43*y + 886. What is the remainder when q(-12) is divided by g(-20)?
23
Suppose -3*t - 39884 + 45908 = 0. What is the remainder when t is divided by 83?
16
Let w = -151 - -81. Let g = w - -99. Calculate the remainder when 85 is divided by g.
27
Suppose n = -0*n + z + 9, -4*n + 24 = 2*z. Let w(j) = 26*j - 150. Calculate the remainder when 63 is divided by w(n).
31
Let k(x) be the second derivative of 23*x**3/2 + 18*x**2 + 29*x. Let n be k(21). Calculate the remainder when 60 is divided by ((-8)/(-10))/(54/n).
16
Calculate the remainder when (-13)/(234/(-216)) + 178 is divided by 106.
84
Suppose -13*k = -l - 14*k + 18, 12 = l - k. Suppose 132 = 3*o + 3. Calculate the remainder when o is divided by l.
13
Suppose -336 = 56*j - 77*j. Let u(n) = -n**2 - 12*n - 1. What is the remainder when j is divided by u(-11)?
6
Suppose t + 24 = 4*t + 5*c, -2*t - 5*c + 21 = 0. Suppose -3*d - 7*v + 5*v + 64 = 0, 5*d - t*v = 132. Calculate the remainder when d is divided by 11.
2
Let y = 230 + -227. Suppose -5*a + 2*f + 221 + 60 = 0, 5*a = -y*f + 291. Calculate the remainder when a is divided by 39.
18
Suppose -183*s + 3606 = -181*s. Calculate the remainder when s is divided by 7.
4
Let c = -657 - -689. What is the remainder when 233 is divided by c?
9
Let u = 342 - 211. Calculate the remainder when u is divided by 29.
15
Let d(g) = 11*g**2 + 5*g - 7. Let j be d(2). Let f = j - 88. Let m = 72 + f. What is the remainder when 90 is divided by m?
28
Let u(k) = -406*k - 64. Let m be u(-9). Suppose m = 18*o - 8*o. What is the remainder when o is divided by 20?
19
Let j = -213 + 218. Suppose -3*a - 68 = -s, s - j*a - 58 = 10. What is the remainder when 202 is divided by s?
66
Suppose -9 - 315 = -3*y. Suppose -z - 8*z - y = 0. What is the remainder when (153/1)/((-18)/z)